{"id":845,"date":"2024-07-03T00:18:13","date_gmt":"2024-07-02T22:18:13","guid":{"rendered":"https:\/\/fc-advising.com\/index.php\/about\/"},"modified":"2025-08-13T19:10:50","modified_gmt":"2025-08-13T17:10:50","slug":"about","status":"publish","type":"page","link":"https:\/\/fc-advising.com\/index.php\/about\/","title":{"rendered":"About"},"content":{"rendered":"\t\t<div data-elementor-type=\"wp-page\" data-elementor-id=\"845\" class=\"elementor elementor-845\" data-elementor-post-type=\"page\">\n\t\t\t\t<div class=\"elementor-element elementor-element-553bb6b5 e-flex e-con-boxed e-con e-parent\" data-id=\"553bb6b5\" data-element_type=\"container\" data-e-type=\"container\" data-settings=\"{&quot;background_background&quot;:&quot;classic&quot;}\">\n\t\t\t\t\t<div class=\"e-con-inner\">\n\t\t\t\t<div class=\"elementor-element elementor-element-1a34df2c elementor-widget-divider--view-line elementor-widget elementor-widget-divider\" data-id=\"1a34df2c\" data-element_type=\"widget\" data-e-type=\"widget\" data-widget_type=\"divider.default\">\n\t\t\t\t<div class=\"elementor-widget-container\">\n\t\t\t\t\t\t\t<div class=\"elementor-divider\">\n\t\t\t<span class=\"elementor-divider-separator\">\n\t\t\t\t\t\t<\/span>\n\t\t<\/div>\n\t\t\t\t\t\t<\/div>\n\t\t\t\t<\/div>\n\t\t<div class=\"elementor-element elementor-element-6fcc5286 e-con-full e-flex e-con e-child\" data-id=\"6fcc5286\" data-element_type=\"container\" data-e-type=\"container\">\n\t\t\t\t<div class=\"elementor-element elementor-element-3da8a7a8 elementor-widget elementor-widget-image\" data-id=\"3da8a7a8\" data-element_type=\"widget\" data-e-type=\"widget\" data-widget_type=\"image.default\">\n\t\t\t\t<div class=\"elementor-widget-container\">\n\t\t\t\t\t\t\t\t\t\t\t\t\t\t\t<img fetchpriority=\"high\" decoding=\"async\" width=\"512\" height=\"512\" src=\"https:\/\/fc-advising.com\/wp-content\/uploads\/2024\/07\/cropped-chevalier-300-scaled-1.jpg\" class=\"attachment-full size-full wp-image-820\" alt=\"\" srcset=\"https:\/\/fc-advising.com\/wp-content\/uploads\/2024\/07\/cropped-chevalier-300-scaled-1.jpg 512w, https:\/\/fc-advising.com\/wp-content\/uploads\/2024\/07\/cropped-chevalier-300-scaled-1-300x300.jpg 300w, https:\/\/fc-advising.com\/wp-content\/uploads\/2024\/07\/cropped-chevalier-300-scaled-1-150x150.jpg 150w\" sizes=\"(max-width: 512px) 100vw, 512px\" \/>\t\t\t\t\t\t\t\t\t\t\t\t\t\t\t<\/div>\n\t\t\t\t<\/div>\n\t\t\t\t<div class=\"elementor-element elementor-element-773a254 elementor-widget-divider--view-line elementor-widget elementor-widget-divider\" data-id=\"773a254\" data-element_type=\"widget\" data-e-type=\"widget\" data-widget_type=\"divider.default\">\n\t\t\t\t<div class=\"elementor-widget-container\">\n\t\t\t\t\t\t\t<div class=\"elementor-divider\">\n\t\t\t<span class=\"elementor-divider-separator\">\n\t\t\t\t\t\t<\/span>\n\t\t<\/div>\n\t\t\t\t\t\t<\/div>\n\t\t\t\t<\/div>\n\t\t\t\t<div class=\"elementor-element elementor-element-4efda433 elementor-widget elementor-widget-heading\" data-id=\"4efda433\" data-element_type=\"widget\" data-e-type=\"widget\" data-widget_type=\"heading.default\">\n\t\t\t\t<div class=\"elementor-widget-container\">\n\t\t\t\t\t<h1 class=\"elementor-heading-title elementor-size-default\">Plus en d\u00e9tail<\/h1>\t\t\t\t<\/div>\n\t\t\t\t<\/div>\n\t\t\t\t<\/div>\n\t\t<div class=\"elementor-element elementor-element-6a2b9662 e-con-full e-flex e-con e-child\" data-id=\"6a2b9662\" data-element_type=\"container\" data-e-type=\"container\">\n\t\t\t\t<div class=\"elementor-element elementor-element-7447cbd5 elementor-widget elementor-widget-image\" data-id=\"7447cbd5\" data-element_type=\"widget\" data-e-type=\"widget\" data-widget_type=\"image.default\">\n\t\t\t\t<div class=\"elementor-widget-container\">\n\t\t\t\t\t\t\t\t\t\t\t\t\t\t\t<img decoding=\"async\" width=\"1192\" height=\"1192\" src=\"https:\/\/fc-advising.com\/wp-content\/uploads\/2025\/08\/CavalliQuadro.webp\" class=\"attachment-full size-full wp-image-1062\" alt=\"\" srcset=\"https:\/\/fc-advising.com\/wp-content\/uploads\/2025\/08\/CavalliQuadro.webp 1192w, https:\/\/fc-advising.com\/wp-content\/uploads\/2025\/08\/CavalliQuadro-300x300.webp 300w, https:\/\/fc-advising.com\/wp-content\/uploads\/2025\/08\/CavalliQuadro-1024x1024.webp 1024w, https:\/\/fc-advising.com\/wp-content\/uploads\/2025\/08\/CavalliQuadro-150x150.webp 150w, https:\/\/fc-advising.com\/wp-content\/uploads\/2025\/08\/CavalliQuadro-768x768.webp 768w\" sizes=\"(max-width: 1192px) 100vw, 1192px\" \/>\t\t\t\t\t\t\t\t\t\t\t\t\t\t\t<\/div>\n\t\t\t\t<\/div>\n\t\t\t\t<\/div>\n\t\t\t\t\t<\/div>\n\t\t\t\t<\/div>\n\t\t<div class=\"elementor-element elementor-element-1f1335bf e-flex e-con-boxed e-con e-parent\" data-id=\"1f1335bf\" data-element_type=\"container\" data-e-type=\"container\">\n\t\t\t\t\t<div class=\"e-con-inner\">\n\t\t<div class=\"elementor-element elementor-element-55f6b603 e-con-full e-flex e-con e-child\" data-id=\"55f6b603\" data-element_type=\"container\" data-e-type=\"container\">\n\t\t\t\t<div class=\"elementor-element elementor-element-f408433 elementor-widget elementor-widget-heading\" data-id=\"f408433\" data-element_type=\"widget\" data-e-type=\"widget\" data-widget_type=\"heading.default\">\n\t\t\t\t<div class=\"elementor-widget-container\">\n\t\t\t\t\t<h2 class=\"elementor-heading-title elementor-size-default\">Deux mots sur la psychanalyse\n<\/h2>\t\t\t\t<\/div>\n\t\t\t\t<\/div>\n\t\t<div class=\"elementor-element elementor-element-f5a61bd e-con-full e-flex e-con e-child\" data-id=\"f5a61bd\" data-element_type=\"container\" data-e-type=\"container\">\n\t\t<div class=\"elementor-element elementor-element-4846fd0 e-con-full e-flex e-con e-child\" data-id=\"4846fd0\" data-element_type=\"container\" data-e-type=\"container\">\n\t\t\t\t<div class=\"elementor-element elementor-element-1c161fe elementor-widget elementor-widget-heading\" data-id=\"1c161fe\" data-element_type=\"widget\" data-e-type=\"widget\" data-widget_type=\"heading.default\">\n\t\t\t\t<div class=\"elementor-widget-container\">\n\t\t\t\t\t<h2 class=\"elementor-heading-title elementor-size-default\">\u0393\u03bd\u1ff6\u03b8\u03b9 \u03c3\u03b5\u03b1\u03c5\u03c4\u03cc\u03bd \u2013 <br>Connais toi-m\u00eame<\/h2>\t\t\t\t<\/div>\n\t\t\t\t<\/div>\n\t\t\t\t<\/div>\n\t\t<div class=\"elementor-element elementor-element-199efe9 e-con-full e-flex e-con e-child\" data-id=\"199efe9\" data-element_type=\"container\" data-e-type=\"container\">\n\t\t\t\t<div class=\"elementor-element elementor-element-bb5e171 elementor-widget elementor-widget-text-editor\" data-id=\"bb5e171\" data-element_type=\"widget\" data-e-type=\"widget\" data-widget_type=\"text-editor.default\">\n\t\t\t\t<div class=\"elementor-widget-container\">\n\t\t\t\t\t\t\t\t\t<p>Mon travail consiste en vous aider \u00e0 mieux vous conna\u00eetre.<br \/>L&#8217;analyste ne change pas l&#8217;analysant, il l&#8217;aide simplement \u00e0 devenir lui-m\u00eame.<br \/>L&#8217;analyste ne propose rien, n&#8217;enseigne rien, ne juge pas.<br \/>L&#8217;analyste accompagne l&#8217;analysant dans son chemin int\u00e9rieur.<\/p>\t\t\t\t\t\t\t\t<\/div>\n\t\t\t\t<\/div>\n\t\t\t\t<\/div>\n\t\t\t\t<\/div>\n\t\t<div class=\"elementor-element elementor-element-1efd357f e-con-full e-flex e-con e-child\" data-id=\"1efd357f\" data-element_type=\"container\" data-e-type=\"container\">\n\t\t<div class=\"elementor-element elementor-element-24b2fc0a e-con-full e-flex e-con e-child\" data-id=\"24b2fc0a\" data-element_type=\"container\" data-e-type=\"container\">\n\t\t\t\t<div class=\"elementor-element elementor-element-61039ca1 elementor-widget elementor-widget-heading\" data-id=\"61039ca1\" data-element_type=\"widget\" data-e-type=\"widget\" data-widget_type=\"heading.default\">\n\t\t\t\t<div class=\"elementor-widget-container\">\n\t\t\t\t\t<h3 class=\"elementor-heading-title elementor-size-default\">Qu'est-ce que c'est une psychanalyse<\/h3>\t\t\t\t<\/div>\n\t\t\t\t<\/div>\n\t\t\t\t<\/div>\n\t\t<div class=\"elementor-element elementor-element-ba48fcd e-con-full e-flex e-con e-child\" data-id=\"ba48fcd\" data-element_type=\"container\" data-e-type=\"container\">\n\t\t\t\t<div class=\"elementor-element elementor-element-3d3def6e elementor-widget elementor-widget-text-editor\" data-id=\"3d3def6e\" data-element_type=\"widget\" data-e-type=\"widget\" data-widget_type=\"text-editor.default\">\n\t\t\t\t<div class=\"elementor-widget-container\">\n\t\t\t\t\t\t\t\t\t<p>La psychanalyse est une th\u00e9orie de la psych\u00e9 introduite par Sigmund Freud au d\u00e9but du XXe\u00a0si\u00e8cle. Elle explore l&#8217;inconscient, les pulsions et les m\u00e9canismes de d\u00e9fense. Les concepts cl\u00e9s incluent l&#8217;\u0152dipe, le complexe de castration, et l&#8217;importance des r\u00eaves. Les s\u00e9ances de psychanalyse impliquent souvent l&#8217;analyse des pens\u00e9es inconscientes pour comprendre le fonctionnement de sa propre psych\u00e9.<\/p><p>Elle a \u00e9t\u00e9 en suite d\u00e9velopp\u00e9e par plusieurs analystes qui ont propos\u00e9 des alternatives \u00e0 la vision Freudienne.<\/p>\t\t\t\t\t\t\t\t<\/div>\n\t\t\t\t<\/div>\n\t\t\t\t<div class=\"elementor-element elementor-element-6808f5fa elementor-widget elementor-widget-text-editor\" data-id=\"6808f5fa\" data-element_type=\"widget\" data-e-type=\"widget\" data-widget_type=\"text-editor.default\">\n\t\t\t\t<div class=\"elementor-widget-container\">\n\t\t\t\t\t\t\t\t\t<p>La psychanalyse vise \u00e0 explorer l&#8217;inconscient, d\u00e9voilant les causes profondes des comportements. Elle offre un espace pour comprendre les conflits int\u00e9rieurs, les m\u00e9canismes de d\u00e9fense et les exp\u00e9riences refoul\u00e9es. La psychanalyse favorise la r\u00e9solution des conflits psychiques, am\u00e9liore la compr\u00e9hension de soi et facilite le changement personnel ainsi que les \u00e9changes avec autrui.<\/p>\t\t\t\t\t\t\t\t<\/div>\n\t\t\t\t<\/div>\n\t\t\t\t<\/div>\n\t\t\t\t<\/div>\n\t\t<div class=\"elementor-element elementor-element-55c941d2 e-con-full e-flex e-con e-child\" data-id=\"55c941d2\" data-element_type=\"container\" data-e-type=\"container\">\n\t\t\t\t<\/div>\n\t\t\t\t<\/div>\n\t\t\t\t\t<\/div>\n\t\t\t\t<\/div>\n\t\t\t\t<\/div>\n\t\t","protected":false},"excerpt":{"rendered":"<p>Plus en d\u00e9tail Deux mots sur la psychanalyse \u0393\u03bd\u1ff6\u03b8\u03b9 \u03c3\u03b5\u03b1\u03c5\u03c4\u03cc\u03bd \u2013 Connais toi-m\u00eame Mon travail consiste en vous aider \u00e0 mieux vous conna\u00eetre.L&#8217;analyste ne change pas l&#8217;analysant, il l&#8217;aide simplement \u00e0 devenir lui-m\u00eame.L&#8217;analyste ne propose rien, n&#8217;enseigne rien, ne juge pas.L&#8217;analyste accompagne l&#8217;analysant dans son chemin int\u00e9rieur. Qu&#8217;est-ce que c&#8217;est une psychanalyse La psychanalyse est [&hellip;]<\/p>\n","protected":false},"author":1,"featured_media":0,"parent":0,"menu_order":0,"comment_status":"closed","ping_status":"closed","template":"","meta":{"site-sidebar-layout":"no-sidebar","site-content-layout":"page-builder","ast-site-content-layout":"","site-content-style":"default","site-sidebar-style":"default","ast-global-header-display":"","ast-banner-title-visibility":"","ast-main-header-display":"","ast-hfb-above-header-display":"","ast-hfb-below-header-display":"","ast-hfb-mobile-header-display":"","site-post-title":"disabled","ast-breadcrumbs-content":"disabled","ast-featured-img":"disabled","footer-sml-layout":"","theme-transparent-header-meta":"enabled","adv-header-id-meta":"","stick-header-meta":"","header-above-stick-meta":"","header-main-stick-meta":"","header-below-stick-meta":"","astra-migrate-meta-layouts":"default","ast-page-background-enabled":"default","ast-page-background-meta":{"desktop":{"background-color":"var(--ast-global-color-4)","background-image":"","background-repeat":"repeat","background-position":"center center","background-size":"auto","background-attachment":"scroll","background-type":"","background-media":"","overlay-type":"","overlay-color":"","overlay-opacity":"","overlay-gradient":""},"tablet":{"background-color":"","background-image":"","background-repeat":"repeat","background-position":"center center","background-size":"auto","background-attachment":"scroll","background-type":"","background-media":"","overlay-type":"","overlay-color":"","overlay-opacity":"","overlay-gradient":""},"mobile":{"background-color":"","background-image":"","background-repeat":"repeat","background-position":"center center","background-size":"auto","background-attachment":"scroll","background-type":"","background-media":"","overlay-type":"","overlay-color":"","overlay-opacity":"","overlay-gradient":""}},"ast-content-background-meta":{"desktop":{"background-color":"var(--ast-global-color-5)","background-image":"","background-repeat":"repeat","background-position":"center center","background-size":"auto","background-attachment":"scroll","background-type":"","background-media":"","overlay-type":"","overlay-color":"","overlay-opacity":"","overlay-gradient":""},"tablet":{"background-color":"var(--ast-global-color-5)","background-image":"","background-repeat":"repeat","background-position":"center center","background-size":"auto","background-attachment":"scroll","background-type":"","background-media":"","overlay-type":"","overlay-color":"","overlay-opacity":"","overlay-gradient":""},"mobile":{"background-color":"var(--ast-global-color-5)","background-image":"","background-repeat":"repeat","background-position":"center center","background-size":"auto","background-attachment":"scroll","background-type":"","background-media":"","overlay-type":"","overlay-color":"","overlay-opacity":"","overlay-gradient":""}},"footnotes":""},"class_list":["post-845","page","type-page","status-publish","hentry"],"_links":{"self":[{"href":"https:\/\/fc-advising.com\/index.php\/wp-json\/wp\/v2\/pages\/845","targetHints":{"allow":["GET"]}}],"collection":[{"href":"https:\/\/fc-advising.com\/index.php\/wp-json\/wp\/v2\/pages"}],"about":[{"href":"https:\/\/fc-advising.com\/index.php\/wp-json\/wp\/v2\/types\/page"}],"author":[{"embeddable":true,"href":"https:\/\/fc-advising.com\/index.php\/wp-json\/wp\/v2\/users\/1"}],"replies":[{"embeddable":true,"href":"https:\/\/fc-advising.com\/index.php\/wp-json\/wp\/v2\/comments?post=845"}],"version-history":[{"count":26,"href":"https:\/\/fc-advising.com\/index.php\/wp-json\/wp\/v2\/pages\/845\/revisions"}],"predecessor-version":[{"id":1069,"href":"https:\/\/fc-advising.com\/index.php\/wp-json\/wp\/v2\/pages\/845\/revisions\/1069"}],"wp:attachment":[{"href":"https:\/\/fc-advising.com\/index.php\/wp-json\/wp\/v2\/media?parent=845"}],"curies":[{"name":"wp","href":"https:\/\/api.w.org\/{rel}","templated":true}]}}